{"id":280,"date":"2020-11-19T16:18:43","date_gmt":"2020-11-19T16:18:43","guid":{"rendered":"https:\/\/www.educacionmediatica.es\/?page_id=280"},"modified":"2022-12-01T19:28:40","modified_gmt":"2022-12-01T19:28:40","slug":"red-contacto","status":"publish","type":"page","link":"https:\/\/www.educacionmediatica.es\/index.php\/red-contacto\/","title":{"rendered":"Red ConTacto"},"content":{"rendered":"\n<h2 class=\"wp-block-heading\">Red \u00abvirtual\u00bb<\/h2>\n\n\n\n<p class=\"has-small-font-size\">Esta red la componen un grupo de profesionales de distintos pa\u00edses entusiastas de la educaci\u00f3n medi\u00e1tica que han colaborado en la celebrazaci\u00f3n de los<a href=\"https:\/\/educacionmediatica.wixsite.com\/educacionmediatica\" target=\"_blank\" rel=\"noreferrer noopener\"> \u00abCongresos de Educaci\u00f3n Medi\u00e1tica y Competencia Digital\u00bb.<\/a> Su participaci\u00f3n en estos encuentros ya implica un \u00abcontacto\u00bb establecido que produce sin duda el efecto de trabajar por objetivos comunes. Formamos una red sin estatutos, sin requisitos, sin obligaciones, pero con el compromiso de luchar en todo el mundo por una educaci\u00f3n medi\u00e1tica para la participaci\u00f3n ciudadana.<\/p>\n\n\n\n<h2 class=\"wp-block-heading\">Qui\u00e9nes somos<\/h2>\n\n\n\n<p class=\"has-small-font-size\">Somos un grupo de personas de diferentes pa\u00edses que trabajamos en los campos de la educaci\u00f3n y la comunicaci\u00f3n y que, a ra\u00edz de los Congreso de Educaci\u00f3n Medi\u00e1tica y Competencia Digital,&nbsp;celebrados en Segovia, 2011; Barcelona en 2013, y Segovia en 2017, hemos unido nuestros esfuerzos para crear un espacio virtual colaborativo abierto a todos\/as los\/as interesados\/as en proponer acciones y estrategias de Educaci\u00f3n Medi\u00e1tica tanto en el campo de la docencia como de la investigaci\u00f3n en los diferentes niveles de la ense\u00f1anza. Es tambi\u00e9n un espacio de debate sobre las cuestiones relevantes en el campo de la educaci\u00f3n medi\u00e1tica, tanto sobre los temas de fondo como aquellos que vayan estando en cada momento de actualidad. Nuestro objetivo fundamental es que, al igual que hicimos en los congresos anteriores, podamos compartir ideas, documentos, materiales multimedia, presentar y debatir nuestras teor\u00edas, compartir experiencias y buenas pr\u00e1cticas, dise\u00f1ar proyectos conjuntos, etc.<\/p>\n\n\n\n<p class=\"has-small-font-size\">Son numerosos y variados los <a href=\"https:\/\/www.educacionmediatica.es\/wp-admin\/post.php?post=304&amp;action=edit\">grupos de investigaci\u00f3n y universidades<\/a> implicados en la organizaci\u00f3n de esta iniciativa. Contamos con la presencia de entidades supranacionales como la UNESCO, que nos ha otorgado su patronazgo, y la UNAOC (United Nations Alliance of Civilizations); tambi\u00e9n GAPMIL (Global Alliance for Partnerships on Media and Information Literacy), y el CEMP (Centre for Excellence in Media Practice). Adem\u00e1s de los n\u00famerosos grupos de investigaci\u00f3n y universidades que se relacionana a continuaci\u00f3n, organizan tambi\u00e9n este evento instituciones de \u00e1mbito nacional como el INTEF (Instituto Nacional de Tecnolog\u00edas Educativas y de Formaci\u00f3n del Profesorado, el CNII (Centro Nacional de Innovaci\u00f3n e Investigaci\u00f3n Educativa) o el grupo de trabajo de Alfabetizaci\u00f3n Informacional (GTALFIN) del MECD.<\/p>\n\n\n\n<p><\/p>\n\n\n\n<figure class=\"wp-block-embed is-type-video is-provider-youtube wp-block-embed-youtube wp-embed-aspect-16-9 wp-has-aspect-ratio\"><div class=\"wp-block-embed__wrapper\">\n<iframe loading=\"lazy\" title=\"Intro\" width=\"580\" height=\"326\" src=\"https:\/\/www.youtube.com\/embed\/6Gi6t7uufLI?feature=oembed\" frameborder=\"0\" allow=\"accelerometer; autoplay; clipboard-write; encrypted-media; gyroscope; picture-in-picture; web-share\" referrerpolicy=\"strict-origin-when-cross-origin\" allowfullscreen><\/iframe>\n<\/div><\/figure>\n","protected":false},"excerpt":{"rendered":"<p>Red \u00abvirtual\u00bb Esta red la componen un grupo de profesionales de distintos pa\u00edses entusiastas de la educaci\u00f3n medi\u00e1tica que han colaborado en la celebrazaci\u00f3n de los \u00abCongresos de Educaci\u00f3n Medi\u00e1tica y Competencia Digital\u00bb. Su participaci\u00f3n en estos encuentros ya implica un \u00abcontacto\u00bb establecido que produce sin duda el efecto de trabajar por objetivos comunes. Formamos [&hellip;]<\/p>\n","protected":false},"author":4,"featured_media":281,"parent":0,"menu_order":0,"comment_status":"closed","ping_status":"closed","template":"","meta":{"footnotes":""},"class_list":["post-280","page","type-page","status-publish","has-post-thumbnail","hentry"],"_links":{"self":[{"href":"https:\/\/www.educacionmediatica.es\/index.php\/wp-json\/wp\/v2\/pages\/280","targetHints":{"allow":["GET"]}}],"collection":[{"href":"https:\/\/www.educacionmediatica.es\/index.php\/wp-json\/wp\/v2\/pages"}],"about":[{"href":"https:\/\/www.educacionmediatica.es\/index.php\/wp-json\/wp\/v2\/types\/page"}],"author":[{"embeddable":true,"href":"https:\/\/www.educacionmediatica.es\/index.php\/wp-json\/wp\/v2\/users\/4"}],"replies":[{"embeddable":true,"href":"https:\/\/www.educacionmediatica.es\/index.php\/wp-json\/wp\/v2\/comments?post=280"}],"version-history":[{"count":9,"href":"https:\/\/www.educacionmediatica.es\/index.php\/wp-json\/wp\/v2\/pages\/280\/revisions"}],"predecessor-version":[{"id":667,"href":"https:\/\/www.educacionmediatica.es\/index.php\/wp-json\/wp\/v2\/pages\/280\/revisions\/667"}],"wp:featuredmedia":[{"embeddable":true,"href":"https:\/\/www.educacionmediatica.es\/index.php\/wp-json\/wp\/v2\/media\/281"}],"wp:attachment":[{"href":"https:\/\/www.educacionmediatica.es\/index.php\/wp-json\/wp\/v2\/media?parent=280"}],"curies":[{"name":"wp","href":"https:\/\/api.w.org\/{rel}","templated":true}]}}

<h2 class="wp-block-heading">Red «virtual»</h2>



<p class="has-small-font-size">Esta red la componen un grupo de profesionales de distintos países entusiastas de la educación mediática que han colaborado en la celebrazación de los<a href="https://educacionmediatica.wixsite.com/educacionmediatica" target="_blank" rel="noreferrer noopener"> «Congresos de Educación Mediática y Competencia Digital».</a> Su participación en estos encuentros ya implica un «contacto» establecido que produce sin duda el efecto de trabajar por objetivos comunes. Formamos una red sin estatutos, sin requisitos, sin obligaciones, pero con el compromiso de luchar en todo el mundo por una educación mediática para la participación ciudadana.</p>



<h2 class="wp-block-heading">Quiénes somos</h2>



<p class="has-small-font-size">Somos un grupo de personas de diferentes países que trabajamos en los campos de la educación y la comunicación y que, a raíz de los Congreso de Educación Mediática y Competencia Digital,&nbsp;celebrados en Segovia, 2011; Barcelona en 2013, y Segovia en 2017, hemos unido nuestros esfuerzos para crear un espacio virtual colaborativo abierto a todos/as los/as interesados/as en proponer acciones y estrategias de Educación Mediática tanto en el campo de la docencia como de la investigación en los diferentes niveles de la enseñanza. Es también un espacio de debate sobre las cuestiones relevantes en el campo de la educación mediática, tanto sobre los temas de fondo como aquellos que vayan estando en cada momento de actualidad. Nuestro objetivo fundamental es que, al igual que hicimos en los congresos anteriores, podamos compartir ideas, documentos, materiales multimedia, presentar y debatir nuestras teorías, compartir experiencias y buenas prácticas, diseñar proyectos conjuntos, etc.</p>



<p class="has-small-font-size">Son numerosos y variados los <a href="https://www.educacionmediatica.es/wp-admin/post.php?post=304&amp;action=edit">grupos de investigación y universidades</a> implicados en la organización de esta iniciativa. Contamos con la presencia de entidades supranacionales como la UNESCO, que nos ha otorgado su patronazgo, y la UNAOC (United Nations Alliance of Civilizations); también GAPMIL (Global Alliance for Partnerships on Media and Information Literacy), y el CEMP (Centre for Excellence in Media Practice). Además de los númerosos grupos de investigación y universidades que se relacionana a continuación, organizan también este evento instituciones de ámbito nacional como el INTEF (Instituto Nacional de Tecnologías Educativas y de Formación del Profesorado, el CNII (Centro Nacional de Innovación e Investigación Educativa) o el grupo de trabajo de Alfabetización Informacional (GTALFIN) del MECD.</p>



<p></p>



<figure class="wp-block-embed is-type-video is-provider-youtube wp-block-embed-youtube wp-embed-aspect-16-9 wp-has-aspect-ratio"><div class="wp-block-embed__wrapper">
<iframe loading="lazy" title="Intro" width="580" height="326" src="https://www.youtube.com/embed/6Gi6t7uufLI?feature=oembed" frameborder="0" allow="accelerometer; autoplay; clipboard-write; encrypted-media; gyroscope; picture-in-picture; web-share" referrerpolicy="strict-origin-when-cross-origin" allowfullscreen></iframe>
</div></figure>

<p>Red «virtual» Esta red la componen un grupo de profesionales de distintos países entusiastas de la educación mediática que han colaborado en la celebrazación de los «Congresos de Educación Mediática y Competencia Digital». Su participación en estos encuentros ya implica un «contacto» establecido que produce sin duda el efecto de trabajar por objetivos comunes. Formamos [&hellip;]</p>
