{"id":304,"date":"2020-11-19T17:29:37","date_gmt":"2020-11-19T17:29:37","guid":{"rendered":"https:\/\/www.educacionmediatica.es\/?page_id=304"},"modified":"2022-07-12T12:12:00","modified_gmt":"2022-07-12T12:12:00","slug":"entidades-participantes-red-contacto","status":"publish","type":"page","link":"https:\/\/www.educacionmediatica.es\/index.php\/entidades-participantes-red-contacto\/","title":{"rendered":"Entidades participantes Red ConTacto"},"content":{"rendered":"\n<p class=\"has-small-font-size\"> <\/p>\n\n\n\n<p>&#8211; Campus \u201cMar\u00eda Zambrano\u201d de Segovia (Universidad de Valladolid). \u2013 \u00abC\u00e1tedra de Educomunicaci\u00f3n y Tecnolog\u00edas Disrruptivas\u201d.<br>\u2013 Facultad de Ciencias Sociales, Jur\u00eddicas y de la Comunicaci\u00f3n, con el \u201cGrupo de Investigaci\u00f3n en Comunicaci\u00f3n Audiovisual e Hipermedia\u201d, y el \u201cM\u00e1ster en Comunicaci\u00f3n con fines sociales \u201d<br>\u2013 Facultad de Educaci\u00f3n, con el Grupo de Investigaci\u00f3n \u201cEducaci\u00f3n y TIC\u201d, y el \u201cM\u00e1ster de Investigaci\u00f3n en Ciencias Sociales\u201d<br>\u2013 Escuela de Ingenier\u00eda Inform\u00e1tica<br>\u2013 Departamento de Pedagog\u00eda (UVA)<br>UNIVERSIDAD NACIONAL DE EDUCACI\u00d3N A DISTANCIA (UNED) con Proyecto \u201cECO: E-learning, Communication and Open Data\u201d<br>ALFAMED. RED TEM\u00c1TICA EUROAMERICANA DE INVESTIGACI\u00d3N EN COMPETENCIAS<br>Alianza de Civilizaciones de las Naciones Unidas (UNAOC)<br>Aire Comunicaci\u00f3n. Asociaci\u00f3n de Comunicadores<br>Asociaci\u00f3n de Radios Universitarias<br>AUFOP. Asociaci\u00f3n Universitaria de Formaci\u00f3n del Profesorado<br>C\u00e1tedra de Educomunicaci\u00f3n \u201cMario Kapl\u00fan\u201d en el CIESPAL<br>C\u00e1tedra de la Unesco \u201csavoir devenir \u00e0 l\u2019\u00e9re du d\u00e9veloppement num\u00e9rique durable\u201d<br>CEMP: Centre for Excellence in Media Practice (UK).<br>\u201cCero en conducta\u201d. Red social para acercar el cine a la educaci\u00f3n<br>CIESPAL \u2013 Centro Internacional de Estudios Superiores de Comunicaci\u00f3n para Am\u00e9rica Latina en Quito<br>Cine y Salud. Gobierno de Arag\u00f3n<br>CNIIE: Centro Nacional de Innovaci\u00f3n e Investigaci\u00f3n Educativa del Ministerio de Educaci\u00f3n, Cultura y Deporte<br>COMPOLITICAS<br>DIBOOS. Federaci\u00f3n Espa\u00f1ola de Asociaciones de Productoras de Animaci\u00f3n<br>Doctorado Interuniversitario en \u201cMedia Literacy\u201d<br>EDMETIC, revista de educaci\u00f3n medi\u00e1tica y TIC<br>eDucaR. (Universidad de Deusto)<br>EDUTIC-ADEI de la Universidad de Alicante<br>EDUMEDIA-3- semillero de investigaci\u00f3n de la Universidad Tecnol\u00f3gica de Pereira (Colombia)<br>EMA-RTV AGENCIA DE NOTICIAS LOCALES Y CIUDADANAS DE ANDALUC\u00cdA<br>ESAE-ILCE (Escuela de Altos Estudios en Comunicaci\u00f3n Educativa \u2013 Instituto Latinoamericano de la Comunicaci\u00f3n Educativa)<br>Festival Internacional de Cine para la Infancia y la Juventud de Chauen (La Perla Azul de Marruecos)<br>Federaci\u00f3n de Asociaciones de Periodistas de Espa\u00f1a (FAPE)<br>FUNDACION MAGISTERIO DE LA ARAUCAN\u00cdA (CHILE)<br>GAPMIL: Global Alliance for Partnerships on MIL (UNESCO)<br>GRUPO COMUNICAR (ANDALUC\u00cdA)<br>Grupo de investigaci\u00f3n \u201cGabinete de Comunicaci\u00f3n y Educaci\u00f3n\u201d<br>Grupo de Investigaci\u00f3n \u00c1gora. Universidad de Huelva<br>Grupo de investigaci\u00f3n EDULLAB de la Universidad de La Laguna<br>Grupo de Investigaci\u00f3n en Comunicaci\u00f3n e Informaci\u00f3n Digital (GICID). TRICLab. Universidad de Zaragoza.<br>Grupo de Investigaci\u00f3n Stellae. Universidad de Santiago de Compostela<br>Grupo de Trabajo de Alfabetizaci\u00f3n Informacional (GTALFIN) del Consejo de Cooperaci\u00f3n Bibliotecaria (CCB) del Ministerio de Educaci\u00f3n, Cultura y Deporte<br>ICUFOP. Grupo de investigaci\u00f3n de las universidades de Granada, Valladolid y Almer\u00eda.<br>Instituto Nacional de Tecnolog\u00edas Educativas\u00a0y de Formaci\u00f3n del Profesorado (INTEF). Ministerio de Educaci\u00f3n, Cultura y Deporte. Proyecto: Competencia Digital Docente.<br>Laboratorio Emilia de Formaci\u00f3n<br>Las Espigadoras.Gestoras culturales especialistas en cultura audiovisual<br>Las otras voces. Comunicaci\u00f3n para la democracia. (Argentina)<br>M\u00e1ster Internacional de Comunicaci\u00f3n y Educaci\u00f3n Audiovisual<br>MIL Clicks (UNESCO)<br>NORDICOM<br>Pantallas sanas. Gobierno de Arag\u00f3n<br>Proyecto Cidadan\u00eda e Educomunicaci\u00f3n<br>Proyecto I+D Coordinado sobre La Competencia Medi\u00e1tica con tres subproyectos: Profesionales, Universidad y Educaci\u00f3n Obligatoria. Universidad de Huelva, Universidad Pompeu Fabra, Universidad de Valladolid<br>Proyectos \u201cTransmedia Literacy\u201d y \u201cALFABETISMOS TRANSMEDIA\u201d de la Universitat Pompeu Fabra<br>Red Iberoamericana de docentes (Formaci\u00f3n ib)<br>Red Oblid (Rede de Observat\u00f3rios Municipais para a Literacia e a Inclus\u00e3o Digital) Universidade Aberta de Portugal.<br>Red Onda Local de Andaluc\u00eda<br>RELATEC. Revista Latinoamericana de Tecnolog\u00eda Educativa<br>Revista \u201cAularia\u201d<br>Revista \u201cEducatio Siglo XXI\u201d. Universidad de Murcia<br>Revisa Interuniversitaria de Formaci\u00f3n del Profesorado (RIFOP)<br>RUTE (Red Universitaria de Tecnolog\u00eda Educativa)<br>SIREM (Societ\u00e0 Italiana di Ricerca sull\u2019Educazione Mediale)<br>Teleduca. Educaci\u00f3 i Comunicaci\u00f3<br>Universidad de Cantabria<br>Universidad de C\u00f3rdoba<br>Universidad de Oviedo. Equipo Etic (UNIOVI)<br>Universitat Oberta de Catalunya. Estudis de Ci\u00e8ncies de la informaci\u00f3 i la Comunicaci\u00f3. Grupo de investigaci\u00f3n en aprendizajes, medios y entretenimiento. GAME<br>Universit\u00e9 Sorbonne Nouvelle \u2013 Paris 3 (France)<br>University of Texas at Austin (USA)<br>Lakehead University en Ontario (Canada)<br>Weird Market. Animation, videojuegos y new media<br><\/p>\n\n\n\n<p>+ en <strong><a href=\"https:\/\/educacionmediatica.wixsite.com\/redcontacto\">Red ConTacto<\/a><\/strong><\/p>\n\n\n\n<p><\/p>\n","protected":false},"excerpt":{"rendered":"<p>&#8211; Campus \u201cMar\u00eda Zambrano\u201d de Segovia (Universidad de Valladolid). \u2013 \u00abC\u00e1tedra de Educomunicaci\u00f3n y Tecnolog\u00edas Disrruptivas\u201d.\u2013 Facultad de Ciencias Sociales, Jur\u00eddicas y de la Comunicaci\u00f3n, con el \u201cGrupo de Investigaci\u00f3n en Comunicaci\u00f3n Audiovisual e Hipermedia\u201d, y el \u201cM\u00e1ster en Comunicaci\u00f3n con fines sociales \u201d\u2013 Facultad de Educaci\u00f3n, con el Grupo de Investigaci\u00f3n \u201cEducaci\u00f3n y TIC\u201d, [&hellip;]<\/p>\n","protected":false},"author":4,"featured_media":281,"parent":0,"menu_order":0,"comment_status":"closed","ping_status":"closed","template":"","meta":{"footnotes":""},"class_list":["post-304","page","type-page","status-publish","has-post-thumbnail","hentry"],"_links":{"self":[{"href":"https:\/\/www.educacionmediatica.es\/index.php\/wp-json\/wp\/v2\/pages\/304","targetHints":{"allow":["GET"]}}],"collection":[{"href":"https:\/\/www.educacionmediatica.es\/index.php\/wp-json\/wp\/v2\/pages"}],"about":[{"href":"https:\/\/www.educacionmediatica.es\/index.php\/wp-json\/wp\/v2\/types\/page"}],"author":[{"embeddable":true,"href":"https:\/\/www.educacionmediatica.es\/index.php\/wp-json\/wp\/v2\/users\/4"}],"replies":[{"embeddable":true,"href":"https:\/\/www.educacionmediatica.es\/index.php\/wp-json\/wp\/v2\/comments?post=304"}],"version-history":[{"count":10,"href":"https:\/\/www.educacionmediatica.es\/index.php\/wp-json\/wp\/v2\/pages\/304\/revisions"}],"predecessor-version":[{"id":543,"href":"https:\/\/www.educacionmediatica.es\/index.php\/wp-json\/wp\/v2\/pages\/304\/revisions\/543"}],"wp:featuredmedia":[{"embeddable":true,"href":"https:\/\/www.educacionmediatica.es\/index.php\/wp-json\/wp\/v2\/media\/281"}],"wp:attachment":[{"href":"https:\/\/www.educacionmediatica.es\/index.php\/wp-json\/wp\/v2\/media?parent=304"}],"curies":[{"name":"wp","href":"https:\/\/api.w.org\/{rel}","templated":true}]}}

<p class="has-small-font-size"> </p>



<p>&#8211; Campus “María Zambrano” de Segovia (Universidad de Valladolid). – «Cátedra de Educomunicación y Tecnologías Disrruptivas”.<br>– Facultad de Ciencias Sociales, Jurídicas y de la Comunicación, con el “Grupo de Investigación en Comunicación Audiovisual e Hipermedia”, y el “Máster en Comunicación con fines sociales ”<br>– Facultad de Educación, con el Grupo de Investigación “Educación y TIC”, y el “Máster de Investigación en Ciencias Sociales”<br>– Escuela de Ingeniería Informática<br>– Departamento de Pedagogía (UVA)<br>UNIVERSIDAD NACIONAL DE EDUCACIÓN A DISTANCIA (UNED) con Proyecto “ECO: E-learning, Communication and Open Data”<br>ALFAMED. RED TEMÁTICA EUROAMERICANA DE INVESTIGACIÓN EN COMPETENCIAS<br>Alianza de Civilizaciones de las Naciones Unidas (UNAOC)<br>Aire Comunicación. Asociación de Comunicadores<br>Asociación de Radios Universitarias<br>AUFOP. Asociación Universitaria de Formación del Profesorado<br>Cátedra de Educomunicación “Mario Kaplún” en el CIESPAL<br>Cátedra de la Unesco “savoir devenir à l’ére du développement numérique durable”<br>CEMP: Centre for Excellence in Media Practice (UK).<br>“Cero en conducta”. Red social para acercar el cine a la educación<br>CIESPAL – Centro Internacional de Estudios Superiores de Comunicación para América Latina en Quito<br>Cine y Salud. Gobierno de Aragón<br>CNIIE: Centro Nacional de Innovación e Investigación Educativa del Ministerio de Educación, Cultura y Deporte<br>COMPOLITICAS<br>DIBOOS. Federación Española de Asociaciones de Productoras de Animación<br>Doctorado Interuniversitario en “Media Literacy”<br>EDMETIC, revista de educación mediática y TIC<br>eDucaR. (Universidad de Deusto)<br>EDUTIC-ADEI de la Universidad de Alicante<br>EDUMEDIA-3- semillero de investigación de la Universidad Tecnológica de Pereira (Colombia)<br>EMA-RTV AGENCIA DE NOTICIAS LOCALES Y CIUDADANAS DE ANDALUCÍA<br>ESAE-ILCE (Escuela de Altos Estudios en Comunicación Educativa – Instituto Latinoamericano de la Comunicación Educativa)<br>Festival Internacional de Cine para la Infancia y la Juventud de Chauen (La Perla Azul de Marruecos)<br>Federación de Asociaciones de Periodistas de España (FAPE)<br>FUNDACION MAGISTERIO DE LA ARAUCANÍA (CHILE)<br>GAPMIL: Global Alliance for Partnerships on MIL (UNESCO)<br>GRUPO COMUNICAR (ANDALUCÍA)<br>Grupo de investigación “Gabinete de Comunicación y Educación”<br>Grupo de Investigación Ágora. Universidad de Huelva<br>Grupo de investigación EDULLAB de la Universidad de La Laguna<br>Grupo de Investigación en Comunicación e Información Digital (GICID). TRICLab. Universidad de Zaragoza.<br>Grupo de Investigación Stellae. Universidad de Santiago de Compostela<br>Grupo de Trabajo de Alfabetización Informacional (GTALFIN) del Consejo de Cooperación Bibliotecaria (CCB) del Ministerio de Educación, Cultura y Deporte<br>ICUFOP. Grupo de investigación de las universidades de Granada, Valladolid y Almería.<br>Instituto Nacional de Tecnologías Educativas y de Formación del Profesorado (INTEF). Ministerio de Educación, Cultura y Deporte. Proyecto: Competencia Digital Docente.<br>Laboratorio Emilia de Formación<br>Las Espigadoras.Gestoras culturales especialistas en cultura audiovisual<br>Las otras voces. Comunicación para la democracia. (Argentina)<br>Máster Internacional de Comunicación y Educación Audiovisual<br>MIL Clicks (UNESCO)<br>NORDICOM<br>Pantallas sanas. Gobierno de Aragón<br>Proyecto Cidadanía e Educomunicación<br>Proyecto I+D Coordinado sobre La Competencia Mediática con tres subproyectos: Profesionales, Universidad y Educación Obligatoria. Universidad de Huelva, Universidad Pompeu Fabra, Universidad de Valladolid<br>Proyectos “Transmedia Literacy” y “ALFABETISMOS TRANSMEDIA” de la Universitat Pompeu Fabra<br>Red Iberoamericana de docentes (Formación ib)<br>Red Oblid (Rede de Observatórios Municipais para a Literacia e a Inclusão Digital) Universidade Aberta de Portugal.<br>Red Onda Local de Andalucía<br>RELATEC. Revista Latinoamericana de Tecnología Educativa<br>Revista “Aularia”<br>Revista “Educatio Siglo XXI”. Universidad de Murcia<br>Revisa Interuniversitaria de Formación del Profesorado (RIFOP)<br>RUTE (Red Universitaria de Tecnología Educativa)<br>SIREM (Società Italiana di Ricerca sull’Educazione Mediale)<br>Teleduca. Educació i Comunicació<br>Universidad de Cantabria<br>Universidad de Córdoba<br>Universidad de Oviedo. Equipo Etic (UNIOVI)<br>Universitat Oberta de Catalunya. Estudis de Ciències de la informació i la Comunicació. Grupo de investigación en aprendizajes, medios y entretenimiento. GAME<br>Université Sorbonne Nouvelle – Paris 3 (France)<br>University of Texas at Austin (USA)<br>Lakehead University en Ontario (Canada)<br>Weird Market. Animation, videojuegos y new media<br></p>



<p>+ en <strong><a href="https://educacionmediatica.wixsite.com/redcontacto">Red ConTacto</a></strong></p>



<p></p>

<p>&#8211; Campus “María Zambrano” de Segovia (Universidad de Valladolid). – «Cátedra de Educomunicación y Tecnologías Disrruptivas”.– Facultad de Ciencias Sociales, Jurídicas y de la Comunicación, con el “Grupo de Investigación en Comunicación Audiovisual e Hipermedia”, y el “Máster en Comunicación con fines sociales ”– Facultad de Educación, con el Grupo de Investigación “Educación y TIC”, [&hellip;]</p>
