{"id":714,"date":"2022-12-31T12:32:17","date_gmt":"2022-12-31T12:32:17","guid":{"rendered":"https:\/\/www.educacionmediatica.es\/?page_id=714"},"modified":"2023-04-22T20:34:39","modified_gmt":"2023-04-22T20:34:39","slug":"comites","status":"publish","type":"page","link":"https:\/\/www.educacionmediatica.es\/index.php\/comites\/","title":{"rendered":"Comit\u00e9s"},"content":{"rendered":"\n<p><\/p>\n\n\n\n<p class=\"has-larger-font-size\"><strong>Entidades colaboradoras<\/strong><\/p>\n\n\n\n<p><\/p>\n\n\n\n<div class=\"wp-block-columns is-layout-flex wp-container-core-columns-is-layout-9d6595d7 wp-block-columns-is-layout-flex\">\n<div class=\"wp-block-column is-layout-flow wp-block-column-is-layout-flow\">\n<figure class=\"wp-block-image size-full\"><img loading=\"lazy\" decoding=\"async\" width=\"316\" height=\"159\" src=\"https:\/\/www.educacionmediatica.es\/wp-content\/uploads\/2023\/04\/ministerio-1.jpg\" alt=\"\" class=\"wp-image-836\" srcset=\"https:\/\/www.educacionmediatica.es\/wp-content\/uploads\/2023\/04\/ministerio-1.jpg 316w, https:\/\/www.educacionmediatica.es\/wp-content\/uploads\/2023\/04\/ministerio-1-300x151.jpg 300w\" sizes=\"auto, (max-width: 316px) 100vw, 316px\" \/><\/figure>\n<\/div>\n\n\n\n<div class=\"wp-block-column is-layout-flow wp-block-column-is-layout-flow\">\n<figure class=\"wp-block-image size-full is-resized\"><img loading=\"lazy\" decoding=\"async\" src=\"https:\/\/www.educacionmediatica.es\/wp-content\/uploads\/2023\/04\/agencia-estatal-de-invest.jpg\" alt=\"\" class=\"wp-image-837\" width=\"99\" height=\"130\" srcset=\"https:\/\/www.educacionmediatica.es\/wp-content\/uploads\/2023\/04\/agencia-estatal-de-invest.jpg 421w, https:\/\/www.educacionmediatica.es\/wp-content\/uploads\/2023\/04\/agencia-estatal-de-invest-228x300.jpg 228w\" sizes=\"auto, (max-width: 99px) 100vw, 99px\" \/><\/figure>\n<\/div>\n<\/div>\n\n\n\n<p><strong>Universidad de Valladolid. Vicerrectorado de Segovia<\/strong><\/p>\n\n\n\n<figure class=\"wp-block-image size-full is-resized\"><img loading=\"lazy\" decoding=\"async\" src=\"https:\/\/www.educacionmediatica.es\/wp-content\/uploads\/2023\/01\/CampusSG.jpg\" alt=\"\" class=\"wp-image-748\" width=\"451\" height=\"223\" srcset=\"https:\/\/www.educacionmediatica.es\/wp-content\/uploads\/2023\/01\/CampusSG.jpg 531w, https:\/\/www.educacionmediatica.es\/wp-content\/uploads\/2023\/01\/CampusSG-300x148.jpg 300w\" sizes=\"auto, (max-width: 451px) 100vw, 451px\" \/><\/figure>\n\n\n\n<p><\/p>\n\n\n\n<p>Facultad de Ciencias Sociales, Jur\u00eddicas y de la Comunicaci\u00f3n<\/p>\n\n\n\n<p><\/p>\n\n\n\n<figure class=\"wp-block-image size-full is-resized\"><img loading=\"lazy\" decoding=\"async\" src=\"https:\/\/www.educacionmediatica.es\/wp-content\/uploads\/2023\/01\/Facultad-CSJC.jpg\" alt=\"\" class=\"wp-image-749\" width=\"361\" height=\"218\" srcset=\"https:\/\/www.educacionmediatica.es\/wp-content\/uploads\/2023\/01\/Facultad-CSJC.jpg 414w, https:\/\/www.educacionmediatica.es\/wp-content\/uploads\/2023\/01\/Facultad-CSJC-300x181.jpg 300w\" sizes=\"auto, (max-width: 361px) 100vw, 361px\" \/><\/figure>\n\n\n\n<p>Facultad de Educaci\u00f3n de Segovia<\/p>\n\n\n\n<figure class=\"wp-block-image size-full is-resized\"><img loading=\"lazy\" decoding=\"async\" src=\"https:\/\/www.educacionmediatica.es\/wp-content\/uploads\/2023\/01\/Facultad-de-Educacion.jpg\" alt=\"\" class=\"wp-image-750\" width=\"435\" height=\"123\" srcset=\"https:\/\/www.educacionmediatica.es\/wp-content\/uploads\/2023\/01\/Facultad-de-Educacion.jpg 846w, https:\/\/www.educacionmediatica.es\/wp-content\/uploads\/2023\/01\/Facultad-de-Educacion-300x85.jpg 300w, https:\/\/www.educacionmediatica.es\/wp-content\/uploads\/2023\/01\/Facultad-de-Educacion-768x219.jpg 768w\" sizes=\"auto, (max-width: 435px) 100vw, 435px\" \/><\/figure>\n\n\n\n<p>VirtUVa&nbsp;Centro de&nbsp;Ense\u00f1anza Online,&nbsp;Formaci\u00f3n&nbsp;e&nbsp;Innovaci\u00f3n Docente&nbsp;de la&nbsp;Universidad de Valladolid<\/p>\n\n\n\n<figure class=\"wp-block-image size-full is-resized\"><img loading=\"lazy\" decoding=\"async\" src=\"https:\/\/www.educacionmediatica.es\/wp-content\/uploads\/2023\/03\/Logo-Vicerrectorado.png\" alt=\"\" class=\"wp-image-803\" width=\"340\" height=\"265\"\/><\/figure>\n\n\n\n<figure class=\"wp-block-image size-full is-resized\"><img loading=\"lazy\" decoding=\"async\" src=\"https:\/\/www.educacionmediatica.es\/wp-content\/uploads\/2023\/01\/VirTUva.jpg\" alt=\"\" class=\"wp-image-751\" width=\"295\" height=\"152\" srcset=\"https:\/\/www.educacionmediatica.es\/wp-content\/uploads\/2023\/01\/VirTUva.jpg 501w, https:\/\/www.educacionmediatica.es\/wp-content\/uploads\/2023\/01\/VirTUva-300x154.jpg 300w\" sizes=\"auto, (max-width: 295px) 100vw, 295px\" \/><\/figure>\n\n\n\n<p>Departamento de Comunicaci\u00f3n Audiovisual y Publicidad (UVA)<\/p>\n\n\n\n<figure class=\"wp-block-image size-large is-resized\"><img loading=\"lazy\" decoding=\"async\" src=\"https:\/\/www.educacionmediatica.es\/wp-content\/uploads\/2023\/02\/logo-IDENTIFICADOR-DPTO-1024x723.jpg\" alt=\"\" class=\"wp-image-776\" width=\"322\" height=\"226\" srcset=\"https:\/\/www.educacionmediatica.es\/wp-content\/uploads\/2023\/02\/logo-IDENTIFICADOR-DPTO-1024x723.jpg 1024w, https:\/\/www.educacionmediatica.es\/wp-content\/uploads\/2023\/02\/logo-IDENTIFICADOR-DPTO-300x212.jpg 300w, https:\/\/www.educacionmediatica.es\/wp-content\/uploads\/2023\/02\/logo-IDENTIFICADOR-DPTO-768x542.jpg 768w, https:\/\/www.educacionmediatica.es\/wp-content\/uploads\/2023\/02\/logo-IDENTIFICADOR-DPTO-1536x1084.jpg 1536w, https:\/\/www.educacionmediatica.es\/wp-content\/uploads\/2023\/02\/logo-IDENTIFICADOR-DPTO-2048x1446.jpg 2048w, https:\/\/www.educacionmediatica.es\/wp-content\/uploads\/2023\/02\/logo-IDENTIFICADOR-DPTO-1200x847.jpg 1200w, https:\/\/www.educacionmediatica.es\/wp-content\/uploads\/2023\/02\/logo-IDENTIFICADOR-DPTO-1980x1398.jpg 1980w\" sizes=\"auto, (max-width: 322px) 100vw, 322px\" \/><\/figure>\n\n\n\n<p>Departamento de Pedagog\u00eda (UVA)<\/p>\n\n\n\n<figure class=\"wp-block-image size-full is-resized\"><img loading=\"lazy\" decoding=\"async\" src=\"https:\/\/www.educacionmediatica.es\/wp-content\/uploads\/2023\/02\/logo-Pedagogia.png\" alt=\"\" class=\"wp-image-779\" width=\"293\" height=\"173\" srcset=\"https:\/\/www.educacionmediatica.es\/wp-content\/uploads\/2023\/02\/logo-Pedagogia.png 1020w, https:\/\/www.educacionmediatica.es\/wp-content\/uploads\/2023\/02\/logo-Pedagogia-300x178.png 300w, https:\/\/www.educacionmediatica.es\/wp-content\/uploads\/2023\/02\/logo-Pedagogia-768x456.png 768w\" sizes=\"auto, (max-width: 293px) 100vw, 293px\" \/><\/figure>\n\n\n\n<p><\/p>\n\n\n\n<p>C\u00e1tedra Paulo Freire de Educomunicaci\u00f3n (UNED)<\/p>\n\n\n\n<figure class=\"wp-block-image size-full is-resized\"><img loading=\"lazy\" decoding=\"async\" src=\"https:\/\/www.educacionmediatica.es\/wp-content\/uploads\/2023\/01\/PauloUNED7.jpg\" alt=\"\" class=\"wp-image-754\" width=\"456\" height=\"134\" srcset=\"https:\/\/www.educacionmediatica.es\/wp-content\/uploads\/2023\/01\/PauloUNED7.jpg 697w, https:\/\/www.educacionmediatica.es\/wp-content\/uploads\/2023\/01\/PauloUNED7-300x88.jpg 300w\" sizes=\"auto, (max-width: 456px) 100vw, 456px\" \/><\/figure>\n\n\n\n<figure class=\"wp-block-image size-full is-resized\"><img loading=\"lazy\" decoding=\"async\" src=\"https:\/\/www.educacionmediatica.es\/wp-content\/uploads\/2023\/02\/logo-educacion-950.png.webp\" alt=\"\" class=\"wp-image-766\" width=\"468\" height=\"154\" srcset=\"https:\/\/www.educacionmediatica.es\/wp-content\/uploads\/2023\/02\/logo-educacion-950.png.webp 950w, https:\/\/www.educacionmediatica.es\/wp-content\/uploads\/2023\/02\/logo-educacion-950.png-300x99.webp 300w, https:\/\/www.educacionmediatica.es\/wp-content\/uploads\/2023\/02\/logo-educacion-950.png-768x254.webp 768w\" sizes=\"auto, (max-width: 468px) 100vw, 468px\" \/><\/figure>\n\n\n\n<p><\/p>\n\n\n\n<p><\/p>\n\n\n\n<p class=\"has-larger-font-size\"><strong>Directores:<\/strong><\/p>\n\n\n\n<p>Agust\u00edn Garc\u00eda-Matilla<\/p>\n\n\n\n<p>Alfonso Guti\u00e9rrez<\/p>\n\n\n\n<p><\/p>\n\n\n\n<p class=\"has-larger-font-size\"><strong>Comit\u00e9 Cient\u00edfico:<\/strong><\/p>\n\n\n\n<p>Alba Torrego<\/p>\n\n\n\n<p>Alicia Olgu\u00edn<\/p>\n\n\n\n<p>Ana de la Asunci\u00f3n<\/p>\n\n\n\n<p>\u00c1ngel San Mart\u00edn<\/p>\n\n\n\n<p>Beatriz de Diego<\/p>\n\n\n\n<p>Belinda de Frutos<\/p>\n\n\n\n<p>Carmen Marta<\/p>\n\n\n\n<p>Cristina Gil<\/p>\n\n\n\n<p>David Garc\u00eda-Mar\u00edn<\/p>\n\n\n\n<p>Eva Herrero<\/p>\n\n\n\n<p>Ignacio Aguaded<\/p>\n\n\n\n<p>Inmaculada S\u00e1nchez-Mac\u00edas<\/p>\n\n\n\n<p>Jeff Share<\/p>\n\n\n\n<p>Joan Ferr\u00e9s<\/p>\n\n\n\n<p>Jos\u00e9 Antonio Gabelas<\/p>\n\n\n\n<p>Jos\u00e9 Luis Parejo<\/p>\n\n\n\n<p>Katherine Gajardo<\/p>\n\n\n\n<p>Laura Picazo<\/p>\n\n\n\n<p>Luis Torrego<\/p>\n\n\n\n<p>Martha R. Villabona<\/p>\n\n\n\n<p>Mercedes Ruiz<\/p>\n\n\n\n<p>Michael Hoechsmann<\/p>\n\n\n\n<p>Noelia Santamar\u00eda<\/p>\n\n\n\n<p>Roberto Aparici<\/p>\n\n\n\n<p>Roc\u00edo Collado<\/p>\n\n\n\n<p>Ruth Pinedo<\/p>\n\n\n\n<p>Sara Osuna<\/p>\n\n\n\n<p>Sonia Santove\u00f1a-Casal<\/p>\n\n\n\n<p>Susana de Andr\u00e9s<\/p>\n\n\n\n<p>Vanessa Ortega<\/p>\n\n\n\n<p><\/p>\n\n\n\n<p><\/p>\n\n\n\n<p class=\"has-larger-font-size\"><strong>Comit\u00e9 Organizador:<\/strong><\/p>\n\n\n\n<p>Comit\u00e9 Organizador:<\/p>\n\n\n\n<p>Alba Torrego<\/p>\n\n\n\n<p>Ana de la Asunci\u00f3n<\/p>\n\n\n\n<p>Beatriz de Diego<\/p>\n\n\n\n<p>Belinda de Frutos<\/p>\n\n\n\n<p>Carmela Garc\u00eda<\/p>\n\n\n\n<p>Carmelo Jim\u00e9nez<\/p>\n\n\n\n<p>Cristina Gil&nbsp;<\/p>\n\n\n\n<p>David Garc\u00eda-Mar\u00edn<\/p>\n\n\n\n<p>Fabiola Meza<\/p>\n\n\n\n<p>Inmaculada S\u00e1nchez-Mac\u00edas<\/p>\n\n\n\n<p>Katherine Gajardo<\/p>\n\n\n\n<p>Lara Gonz\u00e1lez<\/p>\n\n\n\n<p>Laura Esteban<\/p>\n\n\n\n<p>Laura Picazo<\/p>\n\n\n\n<p>Luis Torrego<\/p>\n\n\n\n<p>M\u00aa de la O Cort\u00f3n<\/p>\n\n\n\n<p>Martha R. Villabona<\/p>\n\n\n\n<p>Miguel \u00c1ngel Gil<\/p>\n\n\n\n<p>Miriam Sonlleva<\/p>\n\n\n\n<p>Noelia Santamar\u00eda<\/p>\n\n\n\n<p>Roberta Moraes<\/p>\n\n\n\n<p>Roberto Aparici<\/p>\n\n\n\n<p>Roc\u00edo Collado<\/p>\n\n\n\n<p>Ruth Pinedo<\/p>\n\n\n\n<p>Sara Osuna<\/p>\n\n\n\n<p>Vanessa Ortega<\/p>\n\n\n","protected":false},"excerpt":{"rendered":"<p>Entidades colaboradoras Universidad de Valladolid. Vicerrectorado de Segovia Facultad de Ciencias Sociales, Jur\u00eddicas y de la Comunicaci\u00f3n Facultad de Educaci\u00f3n de Segovia VirtUVa&nbsp;Centro de&nbsp;Ense\u00f1anza Online,&nbsp;Formaci\u00f3n&nbsp;e&nbsp;Innovaci\u00f3n Docente&nbsp;de la&nbsp;Universidad de Valladolid Departamento de Comunicaci\u00f3n Audiovisual y Publicidad (UVA) Departamento de Pedagog\u00eda (UVA) C\u00e1tedra Paulo Freire de Educomunicaci\u00f3n (UNED) Directores: Agust\u00edn Garc\u00eda-Matilla Alfonso Guti\u00e9rrez Comit\u00e9 Cient\u00edfico: Alba Torrego [&hellip;]<\/p>\n","protected":false},"author":6,"featured_media":0,"parent":0,"menu_order":0,"comment_status":"closed","ping_status":"closed","template":"","meta":{"footnotes":""},"class_list":["post-714","page","type-page","status-publish","hentry"],"_links":{"self":[{"href":"https:\/\/www.educacionmediatica.es\/index.php\/wp-json\/wp\/v2\/pages\/714","targetHints":{"allow":["GET"]}}],"collection":[{"href":"https:\/\/www.educacionmediatica.es\/index.php\/wp-json\/wp\/v2\/pages"}],"about":[{"href":"https:\/\/www.educacionmediatica.es\/index.php\/wp-json\/wp\/v2\/types\/page"}],"author":[{"embeddable":true,"href":"https:\/\/www.educacionmediatica.es\/index.php\/wp-json\/wp\/v2\/users\/6"}],"replies":[{"embeddable":true,"href":"https:\/\/www.educacionmediatica.es\/index.php\/wp-json\/wp\/v2\/comments?post=714"}],"version-history":[{"count":24,"href":"https:\/\/www.educacionmediatica.es\/index.php\/wp-json\/wp\/v2\/pages\/714\/revisions"}],"predecessor-version":[{"id":839,"href":"https:\/\/www.educacionmediatica.es\/index.php\/wp-json\/wp\/v2\/pages\/714\/revisions\/839"}],"wp:attachment":[{"href":"https:\/\/www.educacionmediatica.es\/index.php\/wp-json\/wp\/v2\/media?parent=714"}],"curies":[{"name":"wp","href":"https:\/\/api.w.org\/{rel}","templated":true}]}}